*r**2 + r. Let x(h) = -h**3 + 4*h**2 - h. Let u(o) = a*q(o) - 3*x(o). Give u(-3).
6
Let w(a) = -a**3 + 2*a**2 - a + 1. Let t(i) = -i**2 - 7*i + 10. Let o be t(-8). Give w(o).
-1
Let g(b) = 2*b**3 + b**2 + 2*b - 1. Let j = 23 - 21. Calculate g(j).
23
Let f(h) = -h**3 + 4*h**2 + 2*h. Suppose 4*g + g - 10 = 0. Suppose -g*l + 4 = -l. Give f(l).
8
Suppose 6 = l + 3. Let t(o) = o**3 - o**2. Give t(l).
18
Let y(r) = 10*r**2 - r. Let s = 2 + -2. Let p = s - -1. Determine y(p).
9
Let g(a) = -a**2 - a - 4. Let s(o) = -2*o**3 - 29*o**2 + 14*o - 20. Let b be s(-15). Give g(b).
-24
Let m(g) be the second derivative of -g**3/6 + 9*g. Calculate m(0).
0
Let y be (-8)/6*3/2. Let h(k) = -k**3 + k**2 - 4*k + 1. Let a(s) = s. Let w(j) = y*a(j) - h(j). Let u = 3 + -1. What is w(u)?
7
Let s(y) be the third derivative of 1/3*y**4 + 0*y + 0 - 3/2*y**3 - 1/60*y**5 - 8*y**2. Give s(7).
-2
Let p(s) be the first derivative of -s**3/6 + s + 2. Let q(w) be the first derivative of p(w). Let b(u) = u - 10. Let j be b(4). Give q(j).
6
Let w(c) = -c**3. Suppose -3*o + 6*o = 0. Let q = o + 0. Calculate w(q).
0
Let i(y) = 10*y - 11. Let u be (-1)/((-1 + -2)/6). Let p(q) = -5*q + 5. Let w(v) = u*i(v) + 5*p(v). What is w(2)?
-7
Suppose 4*x = -5*q - 5, -2*q = -3*x + 1 + 1. Let t(y) = 3*y**3 + 2*y**2 + 2*y + 1. What is t(q)?
-2
Suppose -4*r + 4*f = 0, -6 + 0 = 2*f. Let t(d) be the third derivative of d**5/30 - d**3/2 + 6*d**2. What is t(r)?
15
Let i(h) be the third derivative of h**6/120 + h**5/12 + h**4/24 + 7*h**3/6 + 2*h**2. Calculate i(-5).
2
Let w(f) = f**2 - 9*f - 11. Let m(a) = 2*a**2 - 10*a - 12. Let g(x) = 2*m(x) - 3*w(x). Give g(-6).
3
Let f be (0 - -2) + (-28)/4. Let r be (2/(-5))/((-1)/f). Let w(s) = s**2 + s. Determine w(r).
2
Let l(j) = -5*j. Let p be (2 - 1)/((-1)/(-2)). Give l(p).
-10
Let b(f) be the first derivative of 1/2*f**2 + 3 - 1/6*f**3 + 2/3*f**4 + 2*f. Let d(g) be the first derivative of b(g). Determine d(1).
8
Let z(q) = 37 + q**3 + 33 - 73 - 4*q + 0*q + 3*q**2. Calculate z(-4).
-3
Suppose 2*t + 0*t + 6 = -h, t = -3*h - 28. Let u be 4/h + 8/(-5). Let c be 69/(-21) + u/(-7). Let f(q) = -q**2 - 3*q - 4. Determine f(c).
-4
Let i(g) be the first derivative of -g**4/4 - 5*g**3/3 + 3*g**2/2 - 2*g - 3. What is i(-6)?
16
Let u be (-15)/(-6) + (-1)/2. Let c(y) = 0*y**u - 2*y - y**2 + y - 4*y. Calculate c(-5).
0
Let l be (-6)/(-4)*(-12)/(-9). Let n(h) = 0*h**l + h - 5 - h**2 + 11. Give n(0).
6
Let j(s) be the first derivative of s**3/3 + 5*s**2/2 + 5*s + 3. Determine j(-4).
1
Let f(h) = -h**2 + 4. Let l = 11 + -7. Suppose -4*w = l*r, -2*w = r + w. Determine f(r).
4
Let q(p) = -p - 1. Let a(i) = -5*i - 5. Let u(l) = 4*a(l) - 22*q(l). Suppose 20 = 3*d + 2*d + 5*m, -5*m - 15 = 0. Suppose -d = r - 4. Calculate u(r).
-4
Let i(q) = 6*q**2 + 2*q + 1. Suppose n - 12 = -3*n. Suppose n = -4*p - 1. Let r be ((2 + -1)/p)/1. Determine i(r).
5
Let f be (-3)/(1*(-1)/1). Suppose 2*j = -f*z + 14, 4*j - 2*z - 15 = -3. Let t(i) = 2 - 6 + 3 + 2*i - 3. Give t(j).
4
Let h(u) = u + 0*u + u**2 - 3 + 4. Suppose 5 + 1 = -2*b. Calculate h(b).
7
Let j(i) = i**2 - 2*i. Suppose -7*o = -2*o - 20. Let x = o + -1. Let p be j(x). Let a(f) = f**3 - 4*f**2 + f + 1. What is a(p)?
-5
Let d(p) = -p**2 + 3*p - 2. Suppose -2 = -5*x + 8. Determine d(x).
0
Let z(v) = v**2 + 3*v + 4. Let y(h) = 3*h**2 - 2*h - 1. Let j be (-2)/(-10) - 48/40. Let s be y(j). Suppose -3*t - 13 = -s*a + 5*a, 5*a = -4*t - 21. Give z(t).
8
Let t(z) = -z - 6. Let w = -6 + 10. Suppose y = j + 6, 5*y - 30 = w*j - 5. Give t(j).
-1
Let l(a) = -a**3 - 6*a**2 - 3*a - 14. Let d be l(-6). Let z(f) = -1 - 5*f + 2*f + f**2 + 5. Calculate z(d).
8
Let w(g) be the second derivative of 2/3*g**3 - g + 0 - 3/2*g**2 + 1/20*g**5 - 5/12*g**4. Let t = 23 - 21. What is w(t)?
-7
Let f(q) be the second derivative of q**5/20 - q**4/12 + q**2 + q. Suppose 2*t + 3 = 7. Let s be t/(-5) - (-4)/10. Determine f(s).
2
Let u(l) = l**3 - 2*l**2 - 4*l - 3. Let j be ((-11)/(-3) - 3)*9. Suppose -4*w - 8 = -j*w. Determine u(w).
13
Let o(v) = -v**2 - v + 10. Let m be 8/52 - 6/39. Determine o(m).
10
Let o(t) be the first derivative of t**4/4 + 2*t**3 + 5*t**2/2 - t - 3. What is o(-5)?
-1
Let o be ((-4)/(-2) - 1) + -1. Suppose -4*z - 20 = -o*z. Let q(p) = p**2 + 4*p - 1. Determine q(z).
4
Let p(x) be the first derivative of -x**4/4 - 5*x**3/3 - 3*x**2/2 + x + 33. What is p(-4)?
-3
Let v(k) = -k**3 - k + 4. Let i be v(0). Let o(p) = p**2 - 2. Let r be o(i). Suppose -3*j - 5*y + r = 0, 3*j = 2*j + 3*y - 14. Let l(m) = 2*m. Give l(j).
-4
Let i(k) = -k**3 + 21*k**2 - 40*k + 28. Let d be i(19). Let t(h) = h**2 + 11*h + 6. Calculate t(d).
-4
Let t(j) = 5*j - 4*j - 4*j + 14 + 2*j. Give t(9).
5
Let i(q) = q**2 - q - 5. Let u be i(0). Let s(v) = v**2 + 4*v - 4. Give s(u).
1
Suppose -6 + 4 = a. Let o = 1 + a. Let y be o/(-2) + (-2)/4. Let t(q) = -q**2 + q - 4. What is t(y)?
-4
Suppose -4*h + 0*h = -16. Suppose h*x + 5 = 1. Let w(z) = -z**2 - 3*z - 1. What is w(x)?
1
Let s(q) be the third derivative of q**6/720 - 3*q**5/40 + 5*q**4/12 - 3*q**2. Let g(w) be the second derivative of s(w). Give g(0).
-9
Let q(u) be the first derivative of -u**3/3 + 5*u**2/2 + 6*u + 10. Suppose -4 = -j + 2. Determine q(j).
0
Let h(a) be the first derivative of a**6/120 + a**5/20 + a**4/12 + a**3/3 - a**2/2 + 7. Let b(u) be the second derivative of h(u). Give b(-3).
-4
Let f be 0/(10/(-2 - 3)) + -5. Let t(l) = l**2 + 9*l + 1. Calculate t(f).
-19
Let u(a) = a**2. Suppose 16 = -7*p + 15*p. Give u(p).
4
Let b(g) = -2*g + 2. Suppose 95 = 5*x - v, -50 = -5*x - 4*v + 20. Suppose -4*h + 4 = -2*j + 2, 2*j = -4*h - x. Determine b(h).
6
Let c(m) = 1 + 2*m - 5*m + 2*m + 1. Suppose 4*w - w = 0. Suppose w = -10*k + 5*k + 10. Give c(k).
0
Let x be (25/10)/(1/(-2)). Let k(h) = h + 4. Determine k(x).
-1
Let h(t) = -t**2 - 5*t - 2. Suppose -4*i + 0 = -12. Suppose -g = -i*g - 8. What is h(g)?
2
Let x(h) = -h**2 + 2. Let r be x(0). Let l(j) = 10*j**2 - 6*j - 19. Let q(i) = 3*i**2 - 2*i - 6. Let t(n) = r*l(n) - 7*q(n). What is t(3)?
1
Let p(v) be the third derivative of -7*v**4/24 - v**3/6 - 2*v**2. What is p(1)?
-8
Let f(l) be the third derivative of -l**6/120 + l**5/15 + l**4/8 + l**3/2 - 7*l**2. Let j be f(5). Let r(g) = -g**3 - 7*g**2 - g. Calculate r(j).
7
Suppose -23 = -10*p + 17. Let k(c) be the second derivative of c + 0*c**3 + 0 + 0*c**p - 1/20*c**5 - 5/2*c**2. Calculate k(0).
-5
Suppose n + u - 4 = 0, 2*n - 3*u + 4 = n. Let s(g) = -2*g + 3. Determine s(n).
-1
Let l(a) = -1 - 8*a + 3 + a**2 + 3*a - 3*a**2. Let b = 1 - 0. Let w = b + -5. What is l(w)?
-10
Let v(b) be the third derivative of -1/60*b**5 + 1/4*b**4 + 0*b + 0 + 0*b**3 + b**2. Determine v(3).
9
Let z(v) = -v**2 + 2*v + 3. Let w be z(4). Let a(s) = -s + 5. Let j(k) = -k. Let u(t) = -a(t) + 2*j(t). Determine u(w).
0
Suppose 0 = t + 4*a + 6, -a + 12 = -t - t. Let n be 6*1/t*-1. Let q(l) = 6*l**2 - l + 1. Give q(n).
6
Let o(v) = -1. Let t(p) = -p. Let n(r) = o(r) + 3*t(r). Calculate n(6).
-19
Let g(c) = -c**2 + 10*c - 10. Let p(d) = -2*d + 14 - 13 + d. Let x(s) = g(s) + 5*p(s). Calculate x(5).
-5
Let s(l) = -l - 2. Let k be s(-2). Suppose -3*o + 7*o - 24 = k. Let d(a) = 21 - 40 + 14 + a. Give d(o).
1
Suppose 0 = 3*i - 6. Let b be -2 - (3 - (2 - i)). Let r(k) = -5*k - 1 + k**2 + 5*k - 2*k**2 - 4*k. Calculate r(b).
-6
Let r(h) = -3*h**3 + 4 - 1324*h + 2*h**3 - 2 + 7*h**2 + 1319*h. Determine r(6).
8
Let p = -2 - -7. Suppose 4*z - z - p*r + 38 = 0, 0 = r - 4. Let h(t) = t**3 + 6*t**2 - t + 6. Determine h(z).
12
Let u(n) = -14*n**2 + 6*n - 5. Let f(d) = -9*d**2 + 4*d - 3. Let v(t) = -8*f(t) + 5*u(t). What is v(2)?
3
Let p(n) = -4*n**2 + 5*n**2 + 0*n + 1 - 5*n - 2*n. Give p(6).
-5
Let p(v) = -v**3 + 7*v**2 - 6*v + 4. Let q be (0 + 2)*2 - -2. Give p(q).
4
Let k(z) = z**3 + z**2 + z + 6. Let r be k(0). Let l(x) = 3 - 2*x - 4 + r. Let w be 2*14/4 - 3. Determine l(w).
-3
Let r(k) = k + 9. Let u be r(-7). Let f(c) = 4*c**u + 3 + 2 - c - 4 - 3*c**2. Give f(2).
3
Suppose -4*q + 3*p = -q + 3, -5*q - 3*p + 11 = 0. Let k(s) = -s**3 + 8 - 7 - 5*s**3 - 4*s**3 - 2*s**2. What is k(q)?
-11
Let s(z) = z**2 + 2. Let p be 0*(-1)/4 - -2. Determine s(p).
6
Let j(m) = -2*m**2 - 3*m + 2. Suppose 0 = -3*v - f - 10, -4*v + 8 = 5*f + 25. What is j(v)?
-7
Let y(h) be the first derivativ